*r, 12*h + r + 1281 = 16*h. Calculate the greatest common divisor of 20 and h.
20
Let m be 5*10/(-525) - (5384/42)/(-2). What is the greatest common factor of m and 9152?
64
Suppose -48*o = -46*o + 2*z - 966, -2*o + 966 = -3*z. Let w = o - 417. What is the greatest common factor of 18 and w?
6
Suppose -2*r - 2*u = -650, 9*r + 5*u = 13*r - 1264. Let d = r + -289. Calculate the highest common factor of 416 and d.
32
Let t be (1*(-3 - -2))/(-1). Suppose t = -w + 5. Calculate the greatest common divisor of 10 and w.
2
Let f = 781 - -77. Suppose 3*d + 18 = 0, -61 + 51 = -2*o - 2*d. Calculate the highest common factor of f and o.
11
Let b be (-76)/(-6)*63/(-6). Let g = b + 229. Suppose 2*h - 3*u - 78 = -2*h, -g = -5*h + 3*u. Calculate the greatest common divisor of 162 and h.
18
Let j(h) = 23*h**2 + 18*h + 52. Let m be j(-4). Suppose -5*r - 4*q = -7*q - 446, -4*r - 2*q = -m. Calculate the highest common factor of r and 220.
44
Suppose s = 0, -323*k = -318*k - 2*s - 1540. Calculate the highest common divisor of k and 5467.
77
Let w be -12 - (18 + (23 - 407)). Calculate the highest common factor of w and 42.
6
Suppose 4*f - 416*p + 413*p - 4071 = 0, 4*f - 4092 = -4*p. Calculate the greatest common factor of 1620 and f.
60
Let f be (5 - 12) + (-8 - -15). Suppose 14*y - 12*y - 112 = f. Let q be ((-7)/(-4))/((-2)/(-8)). What is the greatest common factor of y and q?
7
Let d be 4286292/14769 + (-1 - (-7)/9). Calculate the highest common divisor of 650 and d.
10
Let q be 67/6 - (244/24 - 11). Calculate the greatest common factor of q and 4476.
12
Suppose -5*i = q - 54 - 2, -9 = 3*i. What is the highest common divisor of 8378 and q?
71
Let f(q) = -4*q - 16. Let m(r) = r. Let x(n) = -f(n) - 2*m(n). Let o be x(-9). Let h be 2/(o/(-3)) - (-47 - 5). What is the greatest common factor of 165 and h?
55
Suppose -14*p + 2*p = 3*p. Suppose 2*m - 28 + 18 = p. Suppose -w = n - 11, -m*n + 11 + 8 = -w. Calculate the highest common factor of w and 6.
6
Suppose -a - 78*a + 15996 = 7*a. What is the greatest common divisor of 18 and a?
6
Let f = 3263 - 3101. Calculate the greatest common divisor of 189 and f.
27
Let n be (-57)/2*38/(-57). Suppose 0 = -5*p - j + 679, -4*p + n*j = 14*j - 549. Calculate the highest common divisor of 612 and p.
68
Let y(r) = 8*r**2 + 4*r - 12. Let j = -116 - -119. Let t be y(j). Let k = t - 55. What is the greatest common divisor of 17 and k?
17
Let c be (3 - (-35)/(-10))*-30. Let t be c + (115/46)/(5/2). What is the highest common divisor of t and 168?
8
Let x(a) = -3*a + 12. Let j be x(6). Let r be j/9 + (-580)/(-6). Let p = -60 + r. Calculate the greatest common factor of p and 90.
18
Suppose 29*y - 69*y + 3822 = -27*y. Calculate the greatest common divisor of 5243 and y.
49
Let r(y) = 311*y + 2452. Let p be r(32). Calculate the greatest common divisor of p and 28.
28
Suppose -2*u + 3*u - 22 = 0. Let p(l) = l**2 + 152*l + 5776. Let c be p(-75). What is the greatest common factor of u and c?
1
Let r(x) be the third derivative of 19/6*x**3 - 1/8*x**4 + 0*x + 0 - 13*x**2. Let h be r(6). What is the greatest common factor of 3 and h?
1
Let k(c) = 2*c**2 + c - 12. Let z be k(4). Suppose -z = -b + 4*p, 0 = 3*b - 2*b + 2*p. Calculate the greatest common factor of b and 40.
8
Suppose -i + 5*k + 919 = 0, i - 923 = 27*k - 26*k. Calculate the greatest common divisor of 63 and i.
21
Suppose 3*m = 0, 4 = -4*b - m - 0. Let p be b*(5*2)/((-8)/12). Calculate the greatest common divisor of 175 and p.
5
Suppose -5*t + 2*x = -6846, -3*t - 100*x = -99*x - 4123. What is the greatest common factor of t and 8?
4
Suppose 0 = -4*q + 4, n + 46 = 2*q + 129. Suppose w = -1, 7*v + 5*w = 5*v + 845. Calculate the highest common divisor of v and n.
85
Let y be 39/(-6)*(-17 - (-4 - -1)). Suppose 0 = -4*t + k + 352 + y, 0 = -2*t - 3*k + 211. Calculate the highest common divisor of t and 10.
10
Suppose -77*a + 84*a - 7 = 0. Suppose 2*f - 3*s + 7*s = 2, 2*f - 34 = 4*s. What is the greatest common divisor of f and a?
1
Suppose 0 = 3*a + 10 - 94. Let z be 6/(-9) - 1164/(-18). Let b = z + -22. Calculate the highest common factor of b and a.
14
Let y(o) = -3008*o - 20971. Let n be y(-7). Suppose -6 = -3*a + 249. Calculate the greatest common factor of a and n.
85
Suppose -53*p + 9968 = 659*p. Suppose -6*d = -d - 95. Let o = -5 + d. Calculate the greatest common divisor of o and p.
14
Let x be -5*9*2/(-20)*4. Let a = 168 - 114. Calculate the greatest common divisor of a and x.
18
Let h(q) = -30*q + 1405. Let r be h(42). What is the greatest common factor of r and 261?
29
Let b be ((-12)/(-54) - (-29)/(-9))*-48. Calculate the greatest common factor of 2304 and b.
144
Let n = -1352 + 2090. What is the highest common divisor of n and 82?
82
Suppose -5*a - 9 = -34. Suppose -16 = -a*s + 19. Let i(x) = 75*x - 898. Let j be i(13). Calculate the greatest common divisor of j and s.
7
Let v be (-7 + 2*-1)/((-3)/(-57)). Let r = v + 112. Let a = 65 + r. Calculate the greatest common divisor of 6 and a.
6
Let t be 4/6*(187 + ((-49)/(-14) - 3)). Calculate the highest common divisor of 1675 and t.
25
Suppose 3405*c - 1200 = 3389*c. Let i = 8 - 5. Suppose 5 = i*o - 70. Calculate the highest common factor of o and c.
25
Suppose 1426 + 1329 = 5*m. Suppose -4*l - 5*w = -66, 4*l + w = -441 + 515. Calculate the highest common divisor of l and m.
19
Suppose -2260 + 202 = -37*s + 1272. Calculate the greatest common divisor of 8850 and s.
30
Let g = 27 - 32. Let l(f) = 2*f - 25. Let z be l(g). Let v = 125 + z. Calculate the greatest common divisor of v and 10.
10
Let y(m) = -30 + 71 - 13 + 16*m + 8*m**2 - 7*m. Let b be y(-4). Calculate the greatest common divisor of b and 40.
40
Let u(d) be the third derivative of 0*d - 11/3*d**3 + 0 + 5*d**2 + 1/4*d**4. Let x be u(13). Calculate the highest common divisor of x and 14.
14
Let s = 11648 + -4239. What is the highest common factor of s and 31?
31
Let n be (2 + 1 - -1)*163. Suppose -5*t - 2*y = -n, -3*y = -5*t - 89 + 761. Suppose -23*h + t = -20*h. Calculate the highest common factor of 4 and h.
4
Let f(l) = -l**3 + 12*l**2 - 19*l + 3. Let a be f(10). Let h be (-493)/(-2) + (-1)/(-2). What is the highest common divisor of h and a?
13
Let k = -3202 - -3482. What is the highest common divisor of k and 270?
10
Let a = -6365 - -7919. What is the highest common factor of 28 and a?
14
Suppose 5*l = -5*a + 560, 4*a + 90*l - 91*l - 473 = 0. Calculate the highest common factor of 603 and a.
9
Let z(s) = -238*s - 146. Let y be z(-2). What is the highest common factor of y and 190?
10
Suppose -13*a + 5227 + 18168 + 733 = 0. Calculate the greatest common divisor of a and 87.
29
Suppose -c - 38 = -2*h - 2*h, 20 = h + 5*c. Suppose -4*u = 3*g - 2*g - 230, 5*u + 690 = 3*g. Calculate the highest common divisor of g and h.
10
Let m = 470 - 118. Let g = -337 + m. What is the greatest common factor of 615 and g?
15
Suppose 0*t = 4*t - 84. Suppose -3*w - 3*z = -t, -5*z = -w - 2 - 9. Suppose -w*v + v = -810. What is the highest common divisor of v and 30?
30
Let w(q) be the first derivative of 2/3*q**3 - 9*q - 17 + 2*q**2. Let x be w(10). Calculate the highest common factor of 21 and x.
21
Let o(w) = w**2 + 3*w - 7. Let f be o(5). Suppose 89*r - 2909 = 3988 + 935. What is the greatest common divisor of f and r?
11
Let j(o) = -3*o**3 - 130*o**2 + 79*o + 24. Let z be j(-44). Calculate the highest common factor of z and 580.
20
Let d be (-1)/4 - (-25)/4. Let v be 14/63*(-129)/(-2)*d. Suppose -3*i + 7*t - 2*t = -70, t + v = 3*i. What is the greatest common factor of 18 and i?
6
Let t = 15155 + -15145. Suppose 235 = 3*q - 5*y, 3*q - 215 = y - 0*y. Calculate the greatest common divisor of t and q.
10
Let y(a) = 4*a**2 - 6*a - 2. Let w be y(5). Let j be 6/(-66) + (-5)/(-15) + (-19595)/(-165). What is the greatest common factor of w and j?
17
Let t = -85 - -75. Let y(d) = -d**3 - 10*d**2 - 10*d - 42. Let q be y(t). Calculate the greatest common factor of q and 29.
29
Let y(n) = 259*n - 155. Let j be y(2). What is the highest common divisor of 198 and j?
33
Let l be (-82 - -74)*(-9)/4. What is the greatest common factor of l and 34920?
18
Let c be (-12566)/824*-107*4. What is the greatest common factor of c and 107?
107
Let h be 21/7 - (0 + 2). Let d be 1378/(-65) + (h/5 - 0). Let b b